?
-2
Let u(n) = 6*n**2 + 8*n - 8*n - 4*n**3 + 5*n**3. Give u(-6).
0
Let r(t) = -2 + 2 - 1 - t. Suppose 0*p - 4*d + 4 = p, -3*p + 5*d - 5 = 0. What is r(p)?
-1
Let b(o) be the third derivative of -o**6/120 - o**5/15 - o**4/24 + 2*o**3/3 - 3*o**2 + 5. Determine b(-4).
8
Suppose 3*g - 7 = 11. Suppose 2*t = -0*t + g. Let b(o) = -2*o**2 - 11*o - 17. Let v(h) = h**2 + 5*h + 8. Let r(c) = 6*b(c) + 13*v(c). Give r(t).
8
Let t = 17 + -15. Let q(j) = 30 + 8*j - 26 + j**t + 0*j**2. Calculate q(-3).
-11
Let p be (16/(-12) + 2)/((-2)/(-6)). Let h(s) = s**3 - s**2 - 4*s + 3. Give h(p).
-1
Let t(j) be the third derivative of -j**6/120 - j**5/20 + 5*j**4/24 - j**3/6 - 32*j**2. Let y = -13 - -9. Calculate t(y).
-5
Let g(k) = 13 + k**2 - 7*k + k - 18 + 0*k. What is g(6)?
-5
Let s(z) = z**2 + z - 6. Let p be s(-6). Suppose 3*l = -m + 8, -5*l + 16 = -5*m - p. Let u(v) = 5 + 0*v - 2*v - 3*v - 6*v**2 + 7*v**2. What is u(l)?
1
Let g(j) = -2*j + 9. Let c(o) = o - 4. Let l(h) = 13*c(h) + 6*g(h). Determine l(-4).
-2
Let t be 11/1 - (-10)/(-5). Let f be (t/(-6))/((-6)/4). Let l(v) = 4*v**3 + v**2. Calculate l(f).
5
Let b(f) = f + 1. Let n(d) = -3*d - 1. Let y(m) = 4*b(m) + n(m). Give y(-3).
0
Let j(r) = -3*r. Let u(f) be the third derivative of -f**5/60 - 5*f**4/12 + 3*f**3/2 - 10*f**2. Let h(w) = -w - 6. Let s be h(5). Let n be u(s). Determine j(n).
6
Let i(o) = o**2 + 4*o + 6. Let z(g) = g - 4. Let a be z(0). Calculate i(a).
6
Let d(t) = t**3 + 4*t**2 + 2*t - 2. Suppose -3 + 5 = -v. What is d(v)?
2
Let f be (-2)/((-6)/15) - 3. Let v(b) = -1 - f*b + 4 + 0. Determine v(-4).
11
Let s(w) = 6 - 2*w + w - 6*w**2 - 7 + 2*w. Give s(1).
-6
Let k(b) be the second derivative of b**5/20 - 5*b**4/12 - b**3/6 + 7*b**2/2 + b. Determine k(5).
2
Suppose 5*p - 2*c = -20, 16 = -4*p - 2*c + c. Let h(r) = -4*r**2 + 11*r + 2. Let y(g) = -3*g**2 + 7*g + 1. Let a(w) = 5*h(w) - 7*y(w). Determine a(p).
-5
Let c(y) = y**3 + y**2 + y + 3. Let a be c(0). Let m(o) = o**2 + a*o + 6 - 3*o + o. Determine m(0).
6
Let o(x) = x - 7. Let d be o(12). Let s(z) = -z. What is s(d)?
-5
Let j(v) = -v**3 + 7*v**2 - 5*v - 1. Let z(h) = h**3 + 2*h**2 - 14*h + 9. Let a be z(-5). Calculate j(a).
27
Suppose -3*x - 12 = -7*x. Let a(g) = -x*g + 10*g - 4*g - 1 - 5*g. Give a(-4).
7
Let x be 2 - (-2 + 2/1). Let f(p) = -2*p**x + 3*p**2 - 2*p**2. Let a(k) = 2*k**2 + 3*k - 3. Let g(u) = a(u) + f(u). Calculate g(-3).
-3
Let b(f) = -f**3 + 4*f**2 + f - 3. Suppose 2*k - 1 - 5 = 0. Suppose 5*s + k*n = 20, -s - 4*s = n - 20. Calculate b(s).
1
Let r(w) = 2*w - 8. Suppose 2*y + 8 - 20 = 0. Determine r(y).
4
Let j = 2 + -5. Let c(a) = 3*a - 4. Let i(r) = -9*r + 11. Let k(l) = l**2 - 7*l - 2. Let x be k(6). Let w(d) = j*i(d) + x*c(d). Give w(-1).
-4
Let i(b) = b + 5. Let q(l) = -1. Let j(v) = -i(v) - 4*q(v). Let g be j(-4). Let m(c) = 2*c**2 - 1 - g*c**2 + 3*c**2 + 13*c**3 + c**3. Calculate m(-1).
-13
Suppose 5*g = s - 2, -2*g + 4*s - 8 = 2*g. Suppose -6*j - 31 + 13 = g. Let q(z) = -z**3 - 3*z**2 - 3*z + 2. What is q(j)?
11
Let s(m) = -m - 9. Let f(l) = 5*l + 37. Let w(c) = -2*f(c) - 9*s(c). Let g = -11 - -11. Determine w(g).
7
Let z be -2 - (-10)/(-1 + 3). Let q(i) = 0*i + 2*i**2 - 3 + 3*i - i**3 + 4 + 0. Let g be q(z). Let f(b) = 4*b - 1. What is f(g)?
3
Let m(t) = t**2 + 9*t - 1. Let f be m(-10). Suppose f = 5*u - 11. Let x(l) = l + 5. Determine x(u).
9
Let d(m) = 5*m**2 + 15*m**3 - 13*m - 1 + 9*m - 16*m**3. Let z be 5/5 - (-1 + -2). Determine d(z).
-1
Let u = -33 - -26. Let z(j) = -j**2 - 8*j - 8. Determine z(u).
-1
Let h(g) = -2 - 2*g**2 - 2*g - 94*g**3 - 2*g**2 + g**2 + 92*g**3. Determine h(-2).
6
Let l(o) = -2*o**2 + 3*o. Let u(y) = y**2 - y. Let n(c) = 6*l(c) + 11*u(c). Determine n(7).
0
Let p(b) = 10*b + 13. Let g(t) be the third derivative of 0 - 3*t**2 - 1/8*t**4 - 2/3*t**3 + 0*t. Let y(f) = 14*g(f) + 4*p(f). What is y(-4)?
4
Suppose 5 = 8*k - 3. Let p(i) = -2*i + 12*i + i. Calculate p(k).
11
Let q(w) be the second derivative of -1/6*w**3 - 9/2*w**2 + 0 + 4*w. What is q(-4)?
-5
Let i = -20 + 11. Let t = i - -14. Let u(m) = m - 11. Determine u(t).
-6
Let p(w) be the second derivative of w**3/6 - 7*w**2/2 + 2*w. Let f = 6 - 1. Determine p(f).
-2
Let w(s) = 3*s**3 + 7*s**2 - 4*s - 12. Let n(k) = 4*k**3 + 7*k**2 - 5*k - 13. Let f(z) = 2*n(z) - 3*w(z). Calculate f(-7).
-4
Let l(j) = -j - 21. Let g = 19 + -19. What is l(g)?
-21
Let j(i) = -3 - 4*i + 3*i - 2*i + i. Determine j(-4).
5
Let a = 22/15 + -3/10. Let o(d) be the third derivative of 0*d - 1/24*d**4 + a*d**3 + d**2 + 0. Give o(0).
7
Let z = 38 + -45. Let x(l) = l**3 + 7*l**2 - 2*l - 7. Calculate x(z).
7
Let i(u) = -u**3 + 2*u**2 + 3*u - 2. Let p be i(2). Let m(g) = 6*g**2 - 8*g + 8. Let r(k) = -k**2 - 1. Let f(n) = -m(n) - 5*r(n). Calculate f(p).
13
Let w(x) = -x**3 - 2*x**2 - x. Suppose -5*s + 8*s - 75 = 0. Suppose 2*o = n + 11 + 1, -5*o + s = 0. Calculate w(n).
2
Let l(f) = 3*f**3 + f**2 - 1. Suppose -8 = -4*m + z - 1, 2 = 2*m - 2*z. Suppose 0*i - m*i - 2 = 0. Calculate l(i).
-3
Let h = 10 + -6. Let m(l) = h*l**2 + 6 + 2*l - 2*l**2 - 10*l - l**2. Suppose -4*z + 32 = 3*j, -3*j + 26 = 2*z + j. Determine m(z).
-9
Let b(r) be the third derivative of -r**6/720 + r**5/15 - r**4/24 - 3*r**2. Let w(a) be the second derivative of b(a). Give w(4).
4
Let j = -11 + 14. Suppose 7*a - j*a + 4 = 0. Let p(c) = 5*c. Calculate p(a).
-5
Let o(u) = -4*u**2 + 3*u - 3 - 3*u - 4*u. Suppose 2*n = -6*n - 16. Give o(n).
-11
Let f(y) be the second derivative of -y**5/20 + y**4/4 + 5*y**3/6 - 3*y**2 + 2*y. Let x be f(4). Let q(u) = u**2 - 2*u - 3. Give q(x).
5
Let m = -39 - -39. Let j(k) be the first derivative of 1/4*k**4 + 0*k**2 - 3 + m*k + 1/3*k**3. Give j(1).
2
Let x(i) be the first derivative of i**3/3 + 5*i**2/2 - i + 2. Determine x(-4).
-5
Let u(l) = -l**3 + 3*l**2 - 4*l + 3. Let j(o) = -o**3 - o**2 + o + 2. Let s be j(0). Give u(s).
-1
Let r(q) = q**2 - q + 4. Let b be r(0). Let t be (1 - -1) + 6/3. Let n(a) = -26*a - t + 7 + 24*a. Calculate n(b).
-5
Suppose -i - 4*d = 14, 3*i = -2*d - 2*d - 26. Let o(b) = b**3 + 6*b**2 - 4. Determine o(i).
-4
Let z be 2/(-2)*(2 + -3). Let x(u) = 0*u - 6*u - z + 0*u. Let i = 2 - 3. Give x(i).
5
Let i(x) = 3*x - 7. Let o be 2 + (1 - 0)*1 - -4. Determine i(o).
14
Let b(z) = -z**3 + 6*z**2 + 6*z + 1. Let f be 2*((-231)/6)/(-11). Give b(f).
-6
Let n(b) be the first derivative of -b**4/4 - 2*b**3 - b**2/2 - 3*b + 60. Calculate n(-6).
3
Let b(c) = -3*c - 1. Let o be b(-1). Let g(f) = 0*f**2 + 6 + 2*f**2 - 7 - o*f + f**3. What is g(2)?
11
Suppose -s = -2*t + 4*s - 4, 7 = t + 2*s. Suppose -2*m + 2 = -m. Let y(z) = -t - m*z - 2 + 4. Calculate y(2).
-5
Let o(w) be the second derivative of -w**3/3 - 2*w**2 + 10*w. Give o(3).
-10
Let y(w) = w + 5. Let p = -77 - -43. Let h be p/(-6) + (-4)/6. What is y(h)?
10
Let c(s) be the second derivative of -3*s + 0 + 1/120*s**6 + 1/60*s**5 - 1/24*s**4 + 1/6*s**3 - 3/2*s**2. Let b(m) be the first derivative of c(m). Give b(0).
1
Let s be ((-10)/8)/(2/8). Let j be (-5)/(-2) - (-7)/14. Let d(b) = -4*b + 3 + 3*b**2 - j*b**2 - b**2 - 5. Calculate d(s).
-7
Let d(q) = -q**3 - q**2 - q - 5. Let y = 11 + -18. Let m = y - -7. Give d(m).
-5
Let r(t) = -t**2 - 3*t + 6. Let f(g) = g**3 - 10*g**2 + 2*g - 8. Let b be f(10). Let h be 44/(-10) - b/20. Determine r(h).
-4
Let u(w) = -6*w - 1. Let l(c) = c + 14. Let x be l(-12). Calculate u(x).
-13
Let y = 30 - 34. Let w(h) be the first derivative of h**7/840 + h**6/72 - 5*h**4/24 - h**3/3 - 1. Let i(m) be the third derivative of w(m). What is i(y)?
11
Let u(j) be the third derivative of j**3/6 + 16*j**2. Let a be 3*(0 - -1)*1. Let v(z) = 2*z - 2. Let w(o) = a*u(o) + v(o). What is w(-3)?
-5
Let l(f) be the second derivative of -1/12*f**4 - 3*f**2 + 4*f + 5/6*f**3 + 0. What is l(5)?
-6
Let q(k) = 4*k**2 - 1. Suppose -3*t = -5*t + 8, -2*s + 22 = 4*t. Let c be 1*(-4 - -1)/s. Give q(c).
3
Let a(n) = -3*n. Let p be -4*(75/12)/5. Let j(q) = 4*q - 1. Let u(w) = p*a(w) - 4*j(w). Calculate u(5).
-1
Let n(l) = 2*l - 4. Suppose -3*m + 2 = -10. What is n(m)?
4
Let q(x) = -x + 1. Let k = 30 + -30. Give q(k).
1
Suppose 4*l - l - 2*k = 1, 2*l - 2*k = 4. Let r(c) = 0*c - 2 - c**2 - 11*c + 6*c. Give r(l).
4
Let q(n) = -10*n**2 + 15*n - 16. Let b(v) = 2*v - 12 - 2*v**2 + v + 9. Let l(w) = 2*w**2 + 3*w. Let a b